 d - b*d = -80. What are the prime factors of d?
2, 5
Suppose -2*a - 82 = -276. List the prime factors of a.
97
Let h(x) = -2 - 1 + 1 + 7*x - 1. Let c be -2 + 4 - (1 + -1). What are the prime factors of h(c)?
11
Let o = -1 - -2. Suppose 0 = -2*w + 5*h + o, 2*h + 3*h + 7 = -w. What are the prime factors of 2*w/(4/(-14))?
2, 7
Suppose 0 = -x - x. Suppose -3*u = 2*q - x*q - 12, 3*u = q + 12. List the prime factors of u.
2
Suppose -5*q - 588 = -17*q. What are the prime factors of q?
7
Let b(a) = a + 11. Let v be b(-8). What are the prime factors of ((-16)/(-6))/(v/18)?
2
Suppose 8*c - 1505 = 727. List the prime factors of c.
3, 31
Suppose 0 = 2*q + d - 318, -4*q + 472 = -q + 4*d. List the prime factors of q.
2, 5
Let k(z) = 9*z - 2. Let l be k(2). What are the prime factors of (-4)/l + (-42)/(-8)?
5
Suppose 2*p - 7*p = -35. Let m(w) = -2*w - 14. Let f be m(-7). Suppose f = -p*k + 4*k + 18. What are the prime factors of k?
2, 3
Let p(n) = 18*n**2 - n - 1. Let r be p(2). Let k = r + -41. What are the prime factors of k?
2, 7
Let o = -4 - 4. Let s(q) be the third derivative of -q**5/60 - q**4/3 + q**3/2 - q**2. List the prime factors of s(o).
3
Let i = -192 + 309. What are the prime factors of i?
3, 13
Let p(f) = -f - 11. Let w be p(-5). Let l = 9 + w. List the prime factors of l.
3
Suppose 5*w = -2*c + 95 - 12, 35 = c - 4*w. Suppose -5*b = 4*g - c, 3*g - 15 = 4*b - 3*b. List the prime factors of g.
2, 3
Let q be 3/((-12)/14)*4. Let p be 2 - (0/(-1) - q). What are the prime factors of 1/(-2)*(p - 2)?
7
Suppose 4*i - 2*i - 66 = 0. What are the prime factors of i?
3, 11
Suppose m + m + 4*a = -38, a = m + 22. Let x be 1/((m/18)/(-7)). Let y = x - 1. List the prime factors of y.
5
Let r(m) = 25*m**3 - 2*m**2 - m. Let t be r(-1). Let b = t - -40. Suppose -5*n + 74 - b = 0. List the prime factors of n.
2, 3
Let v be 22/77 - 340/14. Let q = 72 + v. What are the prime factors of q?
2, 3
Let d be (6/2)/((-3)/(-3)). Suppose 3*o = -5*s + 175 - 21, -3*s - d*o + 96 = 0. What are the prime factors of s?
29
Suppose 0 = q + 2*n - 349, 2*n = 4*q - 6*q + 706. What are the prime factors of q?
3, 7, 17
Suppose 5*g + 18 = 3*p, 10 = -2*g + 2*p + 2*p. Let d be (-4)/(-4)*(-10)/(-2). Let h = d + g. List the prime factors of h.
2
Let f(w) = 3*w**2 - 4*w + 3. Suppose 3*b - 6 = -0*b. What are the prime factors of f(b)?
7
Suppose 3*k = -g - 64, -4*k + 38 - 2 = -g. Let h = g + 74. List the prime factors of h.
2, 11
Let b = -18 - -20. List the prime factors of b.
2
Let w(o) = o**2 + 7*o + 5. Let f be w(-5). Let v(i) = 2*i**2 + 5*i - 7. Let b be v(-5). Let q = b + f. What are the prime factors of q?
13
Suppose 3 = -3*a - q, -a + 8*q - 17 = 3*q. Let u be ((-4)/(-6))/(a/(-39)). Suppose 0 = -3*k + u + 8. List the prime factors of k.
7
Suppose -4*j - 2 = -10. Suppose -3*t = -2 - 7. What are the prime factors of 0 + 0/t + j?
2
Suppose -2*c - 42 + 298 = 2*s, -s = 3*c - 134. List the prime factors of s.
5
Let m(r) = -r - 1. Let h be m(3). Let l = 0 - h. Suppose l*q = 5*q - 11. What are the prime factors of q?
11
Let a(z) = z**3 - 2*z - 9. Suppose 0 = 2*d - 8 - 0. List the prime factors of a(d).
47
Suppose -l + 4*l = -2*q + 6, -q = -3. Suppose l = -a + 17 + 6. What are the prime factors of a?
23
Let w(q) be the first derivative of -q**3/3 + q**2/2 - q - 2. Let c be w(-2). Let a(t) = -2*t - 2. What are the prime factors of a(c)?
2, 3
Let z be (38*-1 - 0)*1. What are the prime factors of 2 - (z - (1 - 0))?
41
Suppose 2 = b - 0*b. Let p be 27/9 + (1 - 190). List the prime factors of b/(-7) + p/(-14).
13
Let s = 122 + -74. List the prime factors of s.
2, 3
Let h(c) = c**2 + 3*c + 6. Let g be h(-5). Suppose -g = -2*v - 4. What are the prime factors of v?
2, 3
Let i(q) = -3*q - 2. Let c be i(-2). Suppose -4*s = -c*g - 20, -2*s - 2*g - 3*g = -45. What are the prime factors of s?
2, 5
Let k(z) = -z**2 + 10*z - 4. Let w be k(8). Let d = w - 4. List the prime factors of d.
2
Suppose -2*f - 3*f = -25. List the prime factors of f - ((1 - -2) + -1).
3
Suppose 2 = 5*o - 3, g - 5*o + 5 = 0. Suppose g = 5*a - 0*a - 90. List the prime factors of a.
2, 3
Suppose 0 = -5*i + 2*i - 666. What are the prime factors of i/(-8) + (-3)/4?
3
Let q(a) = -a**3 - 5*a**2 + 5*a + 3. Let v(r) = -3*r. Let k be v(-10). Suppose -5*f - 30 = -3*j, -k = 5*f - 3*j - 2*j. List the prime factors of q(f).
3
Let k = -2 + 0. Let j = k + 5. Suppose 0 = -j*o + 7*o - 36. List the prime factors of o.
3
Let x(v) = v**2 - 8*v + 13. What are the prime factors of x(10)?
3, 11
Let r(a) = 8*a + 6. Let f be r(6). Suppose 5*m = 2*m - f. What are the prime factors of m/(10/(-2) - -3)?
3
Let t = -109 + 159. Let k = -19 + t. What are the prime factors of k?
31
Let q(t) be the second derivative of t**4/12 - 7*t**3/6 + 4*t**2 - 2*t. Let r be q(6). Suppose -7*d = -r*d - 45. What are the prime factors of d?
3
Let m = 1 - 1. Suppose 10 = 3*g - 0*g - f, m = -4*g - 5*f + 45. Suppose -2*q - q - 67 = -g*b, -q - 4 = 0. List the prime factors of b.
11
Let b(i) = -24*i**3 - i**2 - 2*i - 1. Let t = -6 - -5. What are the prime factors of b(t)?
2, 3
Let i(u) = -u**2 - 2*u - 4. Let o(h) = h**2 + 3*h + 5. Let s(k) = -3*i(k) - 2*o(k). List the prime factors of s(-4).
2, 3
Suppose 0*x = 2*x - k - 19, 2*x + 4*k = -6. Let j = x - -1. Let c = j + -5. What are the prime factors of c?
3
Suppose 0*x - 3*x = -9. Suppose -4*n + x = -25. List the prime factors of n.
7
Suppose -16 = -5*b + 14. List the prime factors of b.
2, 3
Suppose 0 = -5*q + 4*x + 7, 3*x = -q + 4*q - 3. Let h be q/(-9)*-3 - -5. Suppose -h*b + 10 = -b. What are the prime factors of b?
2
Let k = -33 + 46. Let b be (-12)/4 + 6/1. Suppose -b*y - 5*a = y + k, -3*a = -y + 18. What are the prime factors of y?
3
Let l(g) = 3*g**2 + 3*g. Let p(a) = -a**2 - 8*a + 3. Let m be p(-8). Suppose 2*b - 3*n + 8 = n, 0 = m*b + 4*n + 2. List the prime factors of l(b).
2, 3
Let k(s) = -2*s + 6. Let r be k(-3). What are the prime factors of (21/r)/(2/8)?
7
What are the prime factors of 8/32 + 141/12?
2, 3
Let r be (-10 + 4)*(2 - 3). Suppose -10 = -i + r. What are the prime factors of i?
2
Suppose 0 = 4*a - 3*a + 38. What are the prime factors of (a/3)/(8/(-12))?
19
Let w = 28 - 6. Let t = w + 62. Suppose -10 = -5*p, p = -4*l + 3*p + t. What are the prime factors of l?
2, 11
What are the prime factors of ((-8)/(-10))/((-3)/(-810))?
2, 3
Let b(y) = -y**2 - 30*y - 3. List the prime factors of b(-15).
2, 3, 37
Suppose -135 = 8*v - 567. What are the prime factors of v?
2, 3
Suppose -42 = 2*n - 16. Let r = 7 - n. What are the prime factors of r?
2, 5
Suppose 8*y = 5*y. Suppose 6*m + 0*m - 12 = 0. Suppose m*d - 4 - 2 = y. List the prime factors of d.
3
Suppose -4*c - 4 = -8*c. Let i be (-1*(-1 - 20))/c. List the prime factors of 6/i + 47/7.
7
Suppose 0 = -4*x - 0*x + 328. Let o = x + -32. Suppose -3*j - 2*j - 5*p + o = 0, 0 = 5*j - 4*p - 95. What are the prime factors of j?
3, 5
Let u be (1 - 0) + 0 - -3. Suppose -y + 14 = 8*i - u*i, 5*y + 2*i - 70 = 0. List the prime factors of y.
2, 7
Let j = -5 + 4. Let r = j + 13. What are the prime factors of r?
2, 3
Suppose 0 = -j - j - 18. Let o be -6*4/(24/j). What are the prime factors of o*1 - (-1 + 1)?
3
Suppose 0 = -5*r + 2*y + 170, -4*r + 4*y = -92 - 32. List the prime factors of r.
2, 3
Let s be 4 + (1 - (1 + 2)). Suppose -32 - 10 = -s*z. What are the prime factors of z?
3, 7
Let z(f) = 5*f + 54. What are the prime factors of z(17)?
139
List the prime factors of (-1 + 44)/(1 + 0).
43
Suppose -4*s - 5*p = -1318, 0 = -3*s + 8*p - 4*p + 973. List the prime factors of s.
3, 109
Let i = 21 + -16. List the prime factors of i.
5
Let d(u) be the second derivative of -u**6/240 - u**5/20 - u**4/3 + u. Let v(q) be the third derivative of d(q). What are the prime factors of v(-6)?
2, 3
What are the prime factors of (-438)/(-8) + (-1)/(-4)?
5, 11
Let h be 45/(-6)*20/(-25). List the prime factors of 1008/45 + h/10.
23
List the prime factors of 2/(-4) - -3*54/12.
13
Suppose 3*t - 298 = t. List the prime factors of t.
149
Let s(f) = -21*f**2 - 2*f - 1. Let u be s(-1). Let w = u - -29. List the prime factors of w.
3
Let s = 16 - 2. Let j = -8 + s. What are the prime factors of j?
2, 3
Let j(p) = -p**3 + 4*p**2 + 3*p - 4. Let o be j(6). Let f = o - -99. Let y = f - 29. List the prime factors of y.
2, 